{"id":4035,"date":"2024-05-21T17:39:16","date_gmt":"2024-05-21T17:39:16","guid":{"rendered":"https:\/\/iodontosul.com.br\/?post_type=product&#038;p=4035"},"modified":"2025-09-25T12:34:02","modified_gmt":"2025-09-25T12:34:02","slug":"dual-extreme","status":"publish","type":"product","link":"http:\/\/iodontosul.com.br\/?product=dual-extreme","title":{"rendered":"Dual Extreme &#8211;\u00a0Cimento Resinoso,\u00a0Cimento\u00a0Dual"},"content":{"rendered":"<p><strong>INDICA\u00c7\u00c3O:<\/strong><\/p>\n<p>&nbsp;<\/p>\n<p>Dual extreme \u00e9 um cimento resinoso de cura dual (fotoativada e qu\u00edmica), de uso profissional, indicado para cimenta\u00e7\u00e3o adesiva de pinos intrarradiculares e restaura\u00e7\u00f5es \u00e0 estrutura dental. O produto est\u00e1 dispon\u00edvel em seringa de pasta base, catalizadora, e de corpo duplo que devem ser usadas na propor\u00e7\u00e3o 1:1.<\/p>\n<p>&nbsp;<\/p>\n<p><strong>REG. ANVISA:<\/strong> 80442029019<\/p>\n<p>&nbsp;<\/p>\n","protected":false},"excerpt":{"rendered":"<p>INDICA\u00c7\u00c3O: &nbsp; Dual extreme \u00e9 um cimento resinoso de cura dual (fotoativada e qu\u00edmica), de uso profissional, indicado para cimenta\u00e7\u00e3o adesiva de pinos intrarradiculares e restaura\u00e7\u00f5es \u00e0 estrutura dental. O produto est\u00e1 dispon\u00edvel em seringa de pasta base, catalizadora, e de corpo duplo que devem ser usadas na propor\u00e7\u00e3o 1:1. &nbsp; REG. ANVISA: 80442029019 &nbsp;<\/p>\n","protected":false},"featured_media":4062,"template":"","meta":{"_acf_changed":false,"_eb_attr":""},"product_brand":[],"product_cat":[81,117],"product_tag":[],"class_list":{"0":"post-4035","1":"product","2":"type-product","3":"status-publish","4":"has-post-thumbnail","6":"product_cat-cimentos","7":"product_cat-lancamentos","9":"first","10":"instock","11":"shipping-taxable","12":"purchasable","13":"product-type-variable"},"acf":[],"_links":{"self":[{"href":"http:\/\/iodontosul.com.br\/index.php?rest_route=\/wp\/v2\/product\/4035","targetHints":{"allow":["GET"]}}],"collection":[{"href":"http:\/\/iodontosul.com.br\/index.php?rest_route=\/wp\/v2\/product"}],"about":[{"href":"http:\/\/iodontosul.com.br\/index.php?rest_route=\/wp\/v2\/types\/product"}],"wp:featuredmedia":[{"embeddable":true,"href":"http:\/\/iodontosul.com.br\/index.php?rest_route=\/wp\/v2\/media\/4062"}],"wp:attachment":[{"href":"http:\/\/iodontosul.com.br\/index.php?rest_route=%2Fwp%2Fv2%2Fmedia&parent=4035"}],"wp:term":[{"taxonomy":"product_brand","embeddable":true,"href":"http:\/\/iodontosul.com.br\/index.php?rest_route=%2Fwp%2Fv2%2Fproduct_brand&post=4035"},{"taxonomy":"product_cat","embeddable":true,"href":"http:\/\/iodontosul.com.br\/index.php?rest_route=%2Fwp%2Fv2%2Fproduct_cat&post=4035"},{"taxonomy":"product_tag","embeddable":true,"href":"http:\/\/iodontosul.com.br\/index.php?rest_route=%2Fwp%2Fv2%2Fproduct_tag&post=4035"}],"curies":[{"name":"wp","href":"https:\/\/api.w.org\/{rel}","templated":true}]}}