{"id":2865,"date":"2022-09-28T14:05:15","date_gmt":"2022-09-28T14:05:15","guid":{"rendered":"https:\/\/iodontosul.com.br\/?post_type=product&#038;p=2865"},"modified":"2025-09-09T19:13:34","modified_gmt":"2025-09-09T19:13:34","slug":"bicarbonato-de-sodio","status":"publish","type":"product","link":"http:\/\/iodontosul.com.br\/?product=bicarbonato-de-sodio","title":{"rendered":"Bicarbonato de S\u00f3dio"},"content":{"rendered":"<p><strong>INDICA\u00c7\u00c3O:<\/strong><\/p>\n<p>A profilaxia com o uso de um jato com bicarbonato de s\u00f3dio tem como fun\u00e7\u00e3o a remo\u00e7\u00e3o de placa bacteriana e do t\u00e1rtaro; e tamb\u00e9m de polimento e prote\u00e7\u00e3o do dente. Ele serve para remo\u00e7\u00e3o da placa bacteriana dental, manchas causadas por cigarro, camadas oxidadas de am\u00e1lgama, remo\u00e7\u00e3o do biofilme supra e subgengival, entre outras<\/p>\n<p>&nbsp;<\/p>\n<p><strong>REG. ANVISA:<\/strong> 80442020074<\/p>\n","protected":false},"excerpt":{"rendered":"<p>INDICA\u00c7\u00c3O: A profilaxia com o uso de um jato com bicarbonato de s\u00f3dio tem como fun\u00e7\u00e3o a remo\u00e7\u00e3o de placa bacteriana e do t\u00e1rtaro; e tamb\u00e9m de polimento e prote\u00e7\u00e3o do dente. Ele serve para remo\u00e7\u00e3o da placa bacteriana dental, manchas causadas por cigarro, camadas oxidadas de am\u00e1lgama, remo\u00e7\u00e3o do biofilme supra e subgengival, entre [&hellip;]<\/p>\n","protected":false},"featured_media":5342,"template":"","meta":{"_acf_changed":false,"_eb_attr":""},"product_brand":[],"product_cat":[79],"product_tag":[],"class_list":{"0":"post-2865","1":"product","2":"type-product","3":"status-publish","4":"has-post-thumbnail","6":"product_cat-acabamento-e-profilaxia","8":"first","9":"onbackorder","10":"shipping-taxable","11":"purchasable","12":"product-type-variable"},"acf":[],"_links":{"self":[{"href":"http:\/\/iodontosul.com.br\/index.php?rest_route=\/wp\/v2\/product\/2865","targetHints":{"allow":["GET"]}}],"collection":[{"href":"http:\/\/iodontosul.com.br\/index.php?rest_route=\/wp\/v2\/product"}],"about":[{"href":"http:\/\/iodontosul.com.br\/index.php?rest_route=\/wp\/v2\/types\/product"}],"wp:featuredmedia":[{"embeddable":true,"href":"http:\/\/iodontosul.com.br\/index.php?rest_route=\/wp\/v2\/media\/5342"}],"wp:attachment":[{"href":"http:\/\/iodontosul.com.br\/index.php?rest_route=%2Fwp%2Fv2%2Fmedia&parent=2865"}],"wp:term":[{"taxonomy":"product_brand","embeddable":true,"href":"http:\/\/iodontosul.com.br\/index.php?rest_route=%2Fwp%2Fv2%2Fproduct_brand&post=2865"},{"taxonomy":"product_cat","embeddable":true,"href":"http:\/\/iodontosul.com.br\/index.php?rest_route=%2Fwp%2Fv2%2Fproduct_cat&post=2865"},{"taxonomy":"product_tag","embeddable":true,"href":"http:\/\/iodontosul.com.br\/index.php?rest_route=%2Fwp%2Fv2%2Fproduct_tag&post=2865"}],"curies":[{"name":"wp","href":"https:\/\/api.w.org\/{rel}","templated":true}]}}