{"id":1507,"date":"2021-10-11T20:25:40","date_gmt":"2021-10-11T20:25:40","guid":{"rendered":"https:\/\/iodontosul.com.br\/?post_type=product&#038;p=1507"},"modified":"2025-10-02T17:19:56","modified_gmt":"2025-10-02T17:19:56","slug":"prophy-cup-100-und","status":"publish","type":"product","link":"http:\/\/iodontosul.com.br\/?product=prophy-cup-100-und","title":{"rendered":"Prophy Cup &#8211; Ta\u00e7a de borracha"},"content":{"rendered":"<p><strong>INDICA\u00c7\u00c3O:<\/strong><\/p>\n<p>&nbsp;<\/p>\n<p style=\"text-align: left;\">Indicada para a profilaxia dental com o aux\u00edlio da Past Pr\u00f3 (pasta profil\u00e1tica), podendo tamb\u00e9m ser utilizada para pr\u00e9 polimento de resina com a Diamond Pr\u00f3 (pasta\u00a0diamantada).<\/p>\n<p>&nbsp;<\/p>\n<p><strong>REG. ANVISA:<\/strong> 80442020084<\/p>\n","protected":false},"excerpt":{"rendered":"<p>INDICA\u00c7\u00c3O: &nbsp; Indicada para a profilaxia dental com o aux\u00edlio da Past Pr\u00f3 (pasta profil\u00e1tica), podendo tamb\u00e9m ser utilizada para pr\u00e9 polimento de resina com a Diamond Pr\u00f3 (pasta\u00a0diamantada). &nbsp; REG. ANVISA: 80442020084<\/p>\n","protected":false},"featured_media":5363,"template":"","meta":{"_acf_changed":false,"_eb_attr":""},"product_brand":[],"product_cat":[85],"product_tag":[],"class_list":{"0":"post-1507","1":"product","2":"type-product","3":"status-publish","4":"has-post-thumbnail","6":"product_cat-diversos","8":"first","9":"onbackorder","10":"shipping-taxable","11":"purchasable","12":"product-type-variable"},"acf":[],"_links":{"self":[{"href":"http:\/\/iodontosul.com.br\/index.php?rest_route=\/wp\/v2\/product\/1507","targetHints":{"allow":["GET"]}}],"collection":[{"href":"http:\/\/iodontosul.com.br\/index.php?rest_route=\/wp\/v2\/product"}],"about":[{"href":"http:\/\/iodontosul.com.br\/index.php?rest_route=\/wp\/v2\/types\/product"}],"wp:featuredmedia":[{"embeddable":true,"href":"http:\/\/iodontosul.com.br\/index.php?rest_route=\/wp\/v2\/media\/5363"}],"wp:attachment":[{"href":"http:\/\/iodontosul.com.br\/index.php?rest_route=%2Fwp%2Fv2%2Fmedia&parent=1507"}],"wp:term":[{"taxonomy":"product_brand","embeddable":true,"href":"http:\/\/iodontosul.com.br\/index.php?rest_route=%2Fwp%2Fv2%2Fproduct_brand&post=1507"},{"taxonomy":"product_cat","embeddable":true,"href":"http:\/\/iodontosul.com.br\/index.php?rest_route=%2Fwp%2Fv2%2Fproduct_cat&post=1507"},{"taxonomy":"product_tag","embeddable":true,"href":"http:\/\/iodontosul.com.br\/index.php?rest_route=%2Fwp%2Fv2%2Fproduct_tag&post=1507"}],"curies":[{"name":"wp","href":"https:\/\/api.w.org\/{rel}","templated":true}]}}