{"id":1493,"date":"2021-10-11T19:54:31","date_gmt":"2021-10-11T19:54:31","guid":{"rendered":"https:\/\/iodontosul.com.br\/?post_type=product&#038;p=1493"},"modified":"2025-10-02T17:21:14","modified_gmt":"2025-10-02T17:21:14","slug":"prophy-brush-100-und","status":"publish","type":"product","link":"http:\/\/iodontosul.com.br\/?product=prophy-brush-100-und","title":{"rendered":"Prophy Brush &#8211; Escova para profilaxia"},"content":{"rendered":"<p><strong>INDICA\u00c7\u00c3O:<\/strong><\/p>\n<p>Escova de Robinson. Indicada para a profilaxia dental com o aux\u00edlio da Past Pro (pasta profil\u00e1tica), podendo tamb\u00e9m ser utilizada como para pr\u00e9 polimento de resina com a Diamond Pro (pasta diamantada).<\/p>\n<p>&nbsp;<\/p>\n<p><strong>REG. ANVISA:<\/strong> 80442020047<\/p>\n<p>&nbsp;<\/p>\n","protected":false},"excerpt":{"rendered":"<p>INDICA\u00c7\u00c3O: Escova de Robinson. Indicada para a profilaxia dental com o aux\u00edlio da Past Pro (pasta profil\u00e1tica), podendo tamb\u00e9m ser utilizada como para pr\u00e9 polimento de resina com a Diamond Pro (pasta diamantada). &nbsp; REG. ANVISA: 80442020047 &nbsp;<\/p>\n","protected":false},"featured_media":5354,"template":"","meta":{"_acf_changed":false,"_eb_attr":""},"product_brand":[],"product_cat":[85,117],"product_tag":[],"class_list":{"0":"post-1493","1":"product","2":"type-product","3":"status-publish","4":"has-post-thumbnail","6":"product_cat-diversos","7":"product_cat-lancamentos","9":"first","10":"onbackorder","11":"shipping-taxable","12":"purchasable","13":"product-type-variable"},"acf":[],"_links":{"self":[{"href":"http:\/\/iodontosul.com.br\/index.php?rest_route=\/wp\/v2\/product\/1493","targetHints":{"allow":["GET"]}}],"collection":[{"href":"http:\/\/iodontosul.com.br\/index.php?rest_route=\/wp\/v2\/product"}],"about":[{"href":"http:\/\/iodontosul.com.br\/index.php?rest_route=\/wp\/v2\/types\/product"}],"wp:featuredmedia":[{"embeddable":true,"href":"http:\/\/iodontosul.com.br\/index.php?rest_route=\/wp\/v2\/media\/5354"}],"wp:attachment":[{"href":"http:\/\/iodontosul.com.br\/index.php?rest_route=%2Fwp%2Fv2%2Fmedia&parent=1493"}],"wp:term":[{"taxonomy":"product_brand","embeddable":true,"href":"http:\/\/iodontosul.com.br\/index.php?rest_route=%2Fwp%2Fv2%2Fproduct_brand&post=1493"},{"taxonomy":"product_cat","embeddable":true,"href":"http:\/\/iodontosul.com.br\/index.php?rest_route=%2Fwp%2Fv2%2Fproduct_cat&post=1493"},{"taxonomy":"product_tag","embeddable":true,"href":"http:\/\/iodontosul.com.br\/index.php?rest_route=%2Fwp%2Fv2%2Fproduct_tag&post=1493"}],"curies":[{"name":"wp","href":"https:\/\/api.w.org\/{rel}","templated":true}]}}