{"id":1254,"date":"2021-10-11T12:08:55","date_gmt":"2021-10-11T12:08:55","guid":{"rendered":"https:\/\/iodontosul.com.br\/produto\/silano-agente-de-ligacao\/"},"modified":"2025-07-09T14:16:53","modified_gmt":"2025-07-09T14:16:53","slug":"silano-agente-de-ligacao","status":"publish","type":"product","link":"http:\/\/iodontosul.com.br\/?product=silano-agente-de-ligacao","title":{"rendered":"Silano &#8211; Agente de liga\u00e7\u00e3o"},"content":{"rendered":"<p><strong>INDICA\u00c7\u00c3O:<\/strong><\/p>\n<p>&nbsp;<\/p>\n<p>Indicado no tratamento de superf\u00edcies internas de restaura\u00e7\u00f5es de porcelana e<br \/>\npino de fibra de vidro (Support Glass) para cimenta\u00e7\u00e3o com cimentos resinosos.<\/p>\n<p>&nbsp;<\/p>\n<p><strong>REG. ANVISA:<\/strong> 80442029011<\/p>\n","protected":false},"excerpt":{"rendered":"<p>INDICA\u00c7\u00c3O: &nbsp; Indicado no tratamento de superf\u00edcies internas de restaura\u00e7\u00f5es de porcelana e pino de fibra de vidro (Support Glass) para cimenta\u00e7\u00e3o com cimentos resinosos. &nbsp; REG. ANVISA: 80442029011<\/p>\n","protected":false},"featured_media":3309,"template":"","meta":{"_acf_changed":false,"_eb_attr":""},"product_brand":[],"product_cat":[96],"product_tag":[],"class_list":{"0":"post-1254","1":"product","2":"type-product","3":"status-publish","4":"has-post-thumbnail","6":"product_cat-agente-de-ligacao","8":"first","9":"instock","10":"shipping-taxable","11":"product-type-simple"},"acf":[],"_links":{"self":[{"href":"http:\/\/iodontosul.com.br\/index.php?rest_route=\/wp\/v2\/product\/1254","targetHints":{"allow":["GET"]}}],"collection":[{"href":"http:\/\/iodontosul.com.br\/index.php?rest_route=\/wp\/v2\/product"}],"about":[{"href":"http:\/\/iodontosul.com.br\/index.php?rest_route=\/wp\/v2\/types\/product"}],"wp:featuredmedia":[{"embeddable":true,"href":"http:\/\/iodontosul.com.br\/index.php?rest_route=\/wp\/v2\/media\/3309"}],"wp:attachment":[{"href":"http:\/\/iodontosul.com.br\/index.php?rest_route=%2Fwp%2Fv2%2Fmedia&parent=1254"}],"wp:term":[{"taxonomy":"product_brand","embeddable":true,"href":"http:\/\/iodontosul.com.br\/index.php?rest_route=%2Fwp%2Fv2%2Fproduct_brand&post=1254"},{"taxonomy":"product_cat","embeddable":true,"href":"http:\/\/iodontosul.com.br\/index.php?rest_route=%2Fwp%2Fv2%2Fproduct_cat&post=1254"},{"taxonomy":"product_tag","embeddable":true,"href":"http:\/\/iodontosul.com.br\/index.php?rest_route=%2Fwp%2Fv2%2Fproduct_tag&post=1254"}],"curies":[{"name":"wp","href":"https:\/\/api.w.org\/{rel}","templated":true}]}}