{"id":1252,"date":"2021-10-11T12:08:55","date_gmt":"2021-10-11T12:08:55","guid":{"rendered":"https:\/\/iodontosul.com.br\/produto\/support-glass-3\/"},"modified":"2025-05-19T18:28:05","modified_gmt":"2025-05-19T18:28:05","slug":"support-glass-3","status":"publish","type":"product","link":"http:\/\/iodontosul.com.br\/?product=support-glass-3","title":{"rendered":"Support Glass &#8211; Dupla conicidade"},"content":{"rendered":"<p><strong>INDICA\u00c7\u00c3O:<\/strong><\/p>\n<p>&nbsp;<\/p>\n<p>\u00c9 um pino de refor\u00e7o intrarradicular indicado para apoio e ancoragem de restaura\u00e7\u00f5es (diretas e indiretas), n\u00facleos de preenchimento (no caso de restaura\u00e7\u00f5es indiretas) e coroas prot\u00e9ticas, de dentes anteriores e posteriores.<\/p>\n<p>&nbsp;<\/p>\n<p><strong>REG. ANVISA:<\/strong> 80442029002<\/p>\n","protected":false},"excerpt":{"rendered":"<p>INDICA\u00c7\u00c3O: &nbsp; \u00c9 um pino de refor\u00e7o intrarradicular indicado para apoio e ancoragem de restaura\u00e7\u00f5es (diretas e indiretas), n\u00facleos de preenchimento (no caso de restaura\u00e7\u00f5es indiretas) e coroas prot\u00e9ticas, de dentes anteriores e posteriores. &nbsp; REG. ANVISA: 80442029002<\/p>\n","protected":false},"featured_media":2561,"template":"","meta":{"_acf_changed":false,"_eb_attr":""},"product_brand":[],"product_cat":[82],"product_tag":[],"class_list":{"0":"post-1252","1":"product","2":"type-product","3":"status-publish","4":"has-post-thumbnail","6":"product_cat-pino-de-fibra-de-vidro","8":"first","9":"onbackorder","10":"shipping-taxable","11":"purchasable","12":"product-type-variable"},"acf":[],"_links":{"self":[{"href":"http:\/\/iodontosul.com.br\/index.php?rest_route=\/wp\/v2\/product\/1252","targetHints":{"allow":["GET"]}}],"collection":[{"href":"http:\/\/iodontosul.com.br\/index.php?rest_route=\/wp\/v2\/product"}],"about":[{"href":"http:\/\/iodontosul.com.br\/index.php?rest_route=\/wp\/v2\/types\/product"}],"wp:featuredmedia":[{"embeddable":true,"href":"http:\/\/iodontosul.com.br\/index.php?rest_route=\/wp\/v2\/media\/2561"}],"wp:attachment":[{"href":"http:\/\/iodontosul.com.br\/index.php?rest_route=%2Fwp%2Fv2%2Fmedia&parent=1252"}],"wp:term":[{"taxonomy":"product_brand","embeddable":true,"href":"http:\/\/iodontosul.com.br\/index.php?rest_route=%2Fwp%2Fv2%2Fproduct_brand&post=1252"},{"taxonomy":"product_cat","embeddable":true,"href":"http:\/\/iodontosul.com.br\/index.php?rest_route=%2Fwp%2Fv2%2Fproduct_cat&post=1252"},{"taxonomy":"product_tag","embeddable":true,"href":"http:\/\/iodontosul.com.br\/index.php?rest_route=%2Fwp%2Fv2%2Fproduct_tag&post=1252"}],"curies":[{"name":"wp","href":"https:\/\/api.w.org\/{rel}","templated":true}]}}