{"id":1125,"date":"2021-10-11T12:08:28","date_gmt":"2021-10-11T12:08:28","guid":{"rendered":"https:\/\/iodontosul.com.br\/produto\/pulposul-kit\/"},"modified":"2025-09-11T14:35:37","modified_gmt":"2025-09-11T14:35:37","slug":"pulposul-kit","status":"publish","type":"product","link":"http:\/\/iodontosul.com.br\/?product=pulposul-kit","title":{"rendered":"Pulposul"},"content":{"rendered":"<p><strong>INDICA\u00c7\u00c3O:<\/strong><\/p>\n<p>&nbsp;<\/p>\n<p>Cimento provis\u00f3rio, indicado como base sedativa, forrador de cavidades, curativo selante, e cimenta\u00e7\u00e3o tempor\u00e1ria de coroas, pontes, incrusta\u00e7\u00f5es e obtura\u00e7\u00f5es tempor\u00e1rias, quando remo\u00e7\u00f5es s\u00e3o planejadas, deixando o remanescente para servir de base intermedi\u00e1ria sob restaura\u00e7\u00f5es permanentes.<\/p>\n<p>&nbsp;<\/p>\n<p><strong>REG. ANVISA:<\/strong> 80442020021.<\/p>\n<p>&nbsp;<\/p>\n","protected":false},"excerpt":{"rendered":"<p>INDICA\u00c7\u00c3O: &nbsp; Cimento provis\u00f3rio, indicado como base sedativa, forrador de cavidades, curativo selante, e cimenta\u00e7\u00e3o tempor\u00e1ria de coroas, pontes, incrusta\u00e7\u00f5es e obtura\u00e7\u00f5es tempor\u00e1rias, quando remo\u00e7\u00f5es s\u00e3o planejadas, deixando o remanescente para servir de base intermedi\u00e1ria sob restaura\u00e7\u00f5es permanentes. &nbsp; REG. ANVISA: 80442020021. &nbsp;<\/p>\n","protected":false},"featured_media":3688,"template":"","meta":{"_acf_changed":false,"_eb_attr":""},"product_brand":[],"product_cat":[81],"product_tag":[],"class_list":{"0":"post-1125","1":"product","2":"type-product","3":"status-publish","4":"has-post-thumbnail","6":"product_cat-cimentos","8":"first","9":"onbackorder","10":"shipping-taxable","11":"purchasable","12":"product-type-variable"},"acf":[],"_links":{"self":[{"href":"http:\/\/iodontosul.com.br\/index.php?rest_route=\/wp\/v2\/product\/1125","targetHints":{"allow":["GET"]}}],"collection":[{"href":"http:\/\/iodontosul.com.br\/index.php?rest_route=\/wp\/v2\/product"}],"about":[{"href":"http:\/\/iodontosul.com.br\/index.php?rest_route=\/wp\/v2\/types\/product"}],"wp:featuredmedia":[{"embeddable":true,"href":"http:\/\/iodontosul.com.br\/index.php?rest_route=\/wp\/v2\/media\/3688"}],"wp:attachment":[{"href":"http:\/\/iodontosul.com.br\/index.php?rest_route=%2Fwp%2Fv2%2Fmedia&parent=1125"}],"wp:term":[{"taxonomy":"product_brand","embeddable":true,"href":"http:\/\/iodontosul.com.br\/index.php?rest_route=%2Fwp%2Fv2%2Fproduct_brand&post=1125"},{"taxonomy":"product_cat","embeddable":true,"href":"http:\/\/iodontosul.com.br\/index.php?rest_route=%2Fwp%2Fv2%2Fproduct_cat&post=1125"},{"taxonomy":"product_tag","embeddable":true,"href":"http:\/\/iodontosul.com.br\/index.php?rest_route=%2Fwp%2Fv2%2Fproduct_tag&post=1125"}],"curies":[{"name":"wp","href":"https:\/\/api.w.org\/{rel}","templated":true}]}}